93
What are the prime factors of (-369460)/(-78) + 16/12?
2, 23, 103
Let o(x) be the third derivative of -7*x**4/8 + 36*x**3 + 116*x**2. What are the prime factors of o(-29)?
3, 5, 11
Let z = -57 - -69. Suppose 16*p = 13*p + z. Suppose 3*c - 742 = -5*d, 0*d + p*c - 600 = -4*d. What are the prime factors of d?
2, 73
Let h(s) = 5*s + 5. Let j be h(5). Suppose 140*g - 399 = -1486 - 3673. Let u = j - g. List the prime factors of u.
2
Let g(z) = z**2 - 12*z + 24. Let l be 2 + -4 + 0 - -11. Let u be g(l). List the prime factors of ((-202)/(-6))/(u/(-9)).
101
Let z be 10/(16947/2422 + -7). Let l = z + 5075. What are the prime factors of l?
5, 17, 19
Suppose -6*p = 168 - 24. What are the prime factors of 5030/30 + (2 - p/(-9))?
167
What are the prime factors of 24147 + -2 + (-2 - (5 - (4 - -2)))?
2, 3, 503
Let j(h) = 1312*h + 1248. What are the prime factors of j(2)?
2, 11
Suppose -14*u + 8 = 2*i - 12*u, -5*u + 8 = 2*i. Suppose n = -i*n + 3*a + 4808, 3*a = -3. List the prime factors of n.
31
What are the prime factors of 24/(-52) + 988236/117?
2, 41, 103
Let z = -497 - -668. Let w = 12 + z. What are the prime factors of w?
3, 61
Suppose -5*f + 2*f + 6 = 0. Let p be 5 - (-2 + (4 - f)). Suppose -p*w - 5*r = -2*r - 349, 5*r = 15. What are the prime factors of w?
2, 17
Let s = -1876 + 5877. List the prime factors of s.
4001
Suppose 0 = g + g - 3040. Suppose -3*w + 5*w - 316 = -i, -5*i + 2*w = -g. What are the prime factors of i?
2, 3, 17
Suppose 5*q - 2277 = -d, -4*d + 9*q + 9033 = 14*q. List the prime factors of d.
2, 563
Suppose 145*m + 1111941 - 11198721 = 0. List the prime factors of m.
2, 3, 11, 17, 31
Suppose p + 2*p = o + 714, -5*o = p - 238. Let h = -113 + p. Let q = h + -34. What are the prime factors of q?
7, 13
Let o = -1583 - -3457. What are the prime factors of o?
2, 937
Let n = -499 - -712. Suppose 10*i - 9*i = -2*m + 12, -i = -2. Suppose -8*y + n = -m*y. What are the prime factors of y?
71
Let g = -126 + 125. List the prime factors of g/(14/(-5142)) + 102/(-357).
367
What are the prime factors of 2 - (7 + 4) - -696?
3, 229
Let k be 210*4*(-3)/(-24). Let s = k - 58. Let c = 156 + s. List the prime factors of c.
7, 29
Let s = -68 - -197. Let a = s - -146. Suppose 3*u + 3*r - r = a, -5*r + 355 = 4*u. List the prime factors of u.
5, 19
Suppose -3*k + 31875 = -4*u, -9187 - 1446 = -k + 4*u. List the prime factors of k.
13, 19, 43
Let v be 9/(-6) - 3 - (-2)/4. Let b(k) = k**3 + 4*k**2 - 9. Let l be b(v). List the prime factors of ((-588)/(-18))/(1*(-3)/l).
2, 7
Let k = 36 + -10. Let s be ((-1)/(-3)*-1)/(k/(-234)). Suppose -s*b + 120 = -b. What are the prime factors of b?
2, 3, 5
Suppose 64 = 27*x + 10. Suppose -5*p + 53 = x*y, 128 + 54 = 5*y - 4*p. List the prime factors of y.
2, 17
Suppose -t = -2*b - 6, 0*t + 5*b + 15 = -3*t. Suppose t = -13*i + 7*i + 24. Suppose 5*v - 4*n + 0*n = 650, 2*v = i*n + 272. What are the prime factors of v?
2, 3, 7
List the prime factors of (-97620)/2*(-36)/72.
3, 5, 1627
Suppose 1513016 + 169834 + 325478 = 56*z. What are the prime factors of z?
35863
Let d(s) = 44*s**2 + 7*s + 20. Let n be d(-4). Let x = -133 + n. What are the prime factors of x?
563
Let a = 955 + -957. Let z be -69 - (-1 - (2 - 1)). Let g = a - z. What are the prime factors of g?
5, 13
Let d = -227 - -242. Suppose -2*r = -d*r + 3263. What are the prime factors of r?
251
Suppose -b + 4*p = -7535, 0 = 2*b + 353*p - 357*p - 15074. List the prime factors of b.
3, 7, 359
Let c(n) = 2*n**3 + 8*n**2 - 10*n + 4. Let h be c(-5). Suppose -h*o = -1745 - 231. What are the prime factors of o?
2, 13, 19
Let n(o) = o**3 - 82*o**2 + 388*o - 121. List the prime factors of n(83).
2, 9743
What are the prime factors of (6735/30 - 3)/(1/14)?
7, 443
Suppose 0 = -3*m + 5*x + 1884, -m + 4*x + 611 = 8*x. Let z = -221 + m. What are the prime factors of z?
2, 3, 67
Let r(y) be the second derivative of y**4/12 - y**3/3 + 23*y**2/2 - 97*y. List the prime factors of r(-17).
2, 173
Suppose 0 = 4*w + 4*d + d - 3201, 3*w - 2427 = 5*d. Let t = w - 330. List the prime factors of t.
2, 3, 79
Suppose 2725*w + 5707520 = 2885*w. What are the prime factors of w?
2, 7, 13
Suppose 4*t = 0, -2046 - 2943 = -f + 3*t. List the prime factors of f.
3, 1663
Let t(v) = -v**3 - 24*v**2 - 51*v - 1287. List the prime factors of t(-36).
3, 1789
Suppose 24*f - 1851618 = -276858. What are the prime factors of f?
5, 11, 1193
Let n(d) = d**2 + 9*d + 11. Let i be n(-8). Suppose 5*a = -3*t + 353 - 77, 123 = 2*a - i*t. List the prime factors of a.
3, 19
Let u = 430 + 1976. List the prime factors of u.
2, 3, 401
Let i = -3342 - -13652. List the prime factors of i.
2, 5, 1031
Let p be (-100)/(-26) + 6/39. Suppose 28*m = 27*m + p. Suppose -q = -m*d - 87, 0 = -4*q + 3*d - 2*d + 393. What are the prime factors of q?
3, 11
List the prime factors of 190*134/8 - (-4)/8.
3, 1061
Suppose -2*j = 5*x - 510, 204 = 3*x - x + 3*j. Suppose 408 = -3*o - x. Let t = 344 + o. What are the prime factors of t?
2, 3, 29
Let q(r) = 4*r**2 + 440*r + 172. What are the prime factors of q(-180)?
2, 47, 269
Let f = 284 + -34. Let q = 484 - f. What are the prime factors of q?
2, 3, 13
Let y be -1 - (-3 - (-121 + -1)). Let r = 215 + y. List the prime factors of r.
5, 19
Suppose y - 4 = 5*m, 0 = -5*y - 5*m + 7*m + 20. Suppose -1116 = -y*g + 128. List the prime factors of g.
311
Let p(j) = 1329*j**3 + 2*j**2 - 1. Let x be p(1). Suppose 4*h = -2*q + x, -h + 2*h - 664 = -q. List the prime factors of q.
3, 13, 17
Suppose -2*t + 294 - 50 = 0. Let m = -282 + t. Let d = 360 + m. What are the prime factors of d?
2, 5
Let v = -6531 - -26271. List the prime factors of v.
2, 3, 5, 7, 47
Suppose -68*m + 57166 = -116846. What are the prime factors of m?
3, 853
Let o(t) = -15*t - 108. Let h(u) = 15*u + 103. Let s(w) = 4*h(w) + 5*o(w). List the prime factors of s(-9).
7
Suppose -4*z = -2*g - 134, z + 12 = 3*g + 38. Let u(v) = 15*v - 211. What are the prime factors of u(z)?
2, 157
Let g be (-604)/3*(-3)/(-2). Suppose j + 1761 = -0*x + 4*x, -j - 5 = 0. Let a = x + g. What are the prime factors of a?
137
Let w = -250 + 253. Suppose 13*m + 1388 = 5*r + 15*m, w*m = -5*r + 1387. What are the prime factors of r?
2, 139
Suppose -4*s = -4*o - 16224, -2500 = -3*s - 4*o + 9710. What are the prime factors of s?
2, 3, 677
What are the prime factors of 4154*550/20*(-2)/(-10)?
11, 31, 67
Let r = -707 + 609. Let b be 1030/6 - (-2)/(-3). Let q = r + b. List the prime factors of q.
73
Let w(t) = -10*t**3 + 4*t**2 + 5*t + 91. List the prime factors of w(-15).
2, 17333
Let u be 2 + (-1 + -4 - -1). Let j be 0 + (-5 - u) + 3. Suppose -7*q + 0*q + 189 = j. What are the prime factors of q?
3
Suppose 3*r + 6 = 0, -6*s - 4*r - 43 = -7*s. Suppose -5*f - 5*a + 175 = 0, -5*a - s = -0*f - f. List the prime factors of f.
5, 7
Let l be 56/(-6)*(-1620)/126. Let y = l - -287. What are the prime factors of y?
11, 37
Suppose -25*x - 25*x + 305716 = -4*x. What are the prime factors of x?
2, 3323
Let a be (2/4 + -1)*(-4214)/7. Let p = a + 260. Suppose 2*d = -4*r + 448, 0 = -5*r - 8*d + 5*d + p. What are the prime factors of r?
3, 37
Let u be ((-5)/(-2))/((-4)/40). Let o = 30 + u. Suppose o*x - 4*m = 103, 0 = m + 3*m - 12. What are the prime factors of x?
23
Let p = -39 + 43. What are the prime factors of p*((-2)/(12/(-111)) + 2)?
2, 41
Let k = -8 + 11. Let d(u) = -58 - k*u - 2*u + 7*u + 80. List the prime factors of d(15).
2, 13
What are the prime factors of (-564720)/(-408) - (-14)/(-119)?
2, 173
Let u be 36/(-16)*(-8)/(-3)*-178. Let l = 2016 - u. What are the prime factors of l?
2, 3, 79
Let s(r) = -7*r - 448. Let a(d) = -d - 1. Let i(u) = -5*a(u) + s(u). Let c be i(0). Let g = 722 + c. List the prime factors of g.
3, 31
Let b(u) = 20*u + 49. Let j(o) = -o**2 + 7*o - 4. Let i(p) = -p**2 - 17*p - 11. Let y be i(-16). Let t be j(y). What are the prime factors of b(t)?
13
Let l be 5 + -6 + (-2 - -14). Suppose -l*k + 15*k - 92 = 0. Suppose 69 = j - k. List the prime factors of j.
2, 23
Suppose 54204 = 1196*q - 1184*q. List the prime factors of q.
4517
Let r = -2 + 2. Let n be (-1 + r + 4)/(-3 - -2). What are the prime factors of (2 - 0) + 117 + n?
2, 29
Let x = 27 - 25. Let d be x/8 - (0 + 67/(-4)). Suppose -d*w = -1616 - 254. List the prime factors of w.
2, 5, 11
Suppose 3*h - 4*h = 4*k -